eatest common divisor of 58 and u?
29
Let m(n) = n**2 + 4*n - 8. Let u be m(6). Suppose 4*r - v = 859, -5*r + v + 1127 = u. What is the highest common divisor of 24 and r?
24
Suppose 3*u = -2*u - 20. Let l be (-114)/u - 1/2. Calculate the greatest common divisor of l and 14.
14
Let c(f) = 5*f**2 - 31*f + 39. Let o be c(6). Calculate the greatest common divisor of o and 627.
33
Suppose 2*w + 7844 = 6*w. What is the greatest common factor of 53 and w?
53
Suppose -n - 2*a = -88, -3*a + 333 = 3*n + 60. Let c = n + -54. Let p be 8 - (-9)/(27/6). What is the highest common factor of p and c?
10
Let r(p) = -40*p - 261. Let s be r(-7). What is the highest common divisor of 247 and s?
19
Suppose 0 = 39*j + 178 - 490. What is the highest common divisor of 348 and j?
4
Let g = 11 - 7. Suppose 146 = 2*w + 4*y, -w - g*w - 5*y = -340. What is the greatest common factor of 42 and w?
21
Let v(f) be the first derivative of 1/3*f**3 - 12 - 5/2*f**2 + 3*f. Let x be v(7). What is the highest common factor of 51 and x?
17
Suppose 199 + 49 = r. Calculate the greatest common divisor of 31 and r.
31
Suppose 5*m - 32*m + 1728 = 0. What is the greatest common factor of 64 and m?
64
Let d(r) = r**2 - 2*r - 15. Let k be d(5). Let a(f) = -2*f**2 - f + 40. Let v be a(k). Calculate the highest common factor of v and 60.
20
Suppose -23 = -0*c - 4*c + t, 4*t + 2 = -2*c. Let q = 8 + -6. Let s be (-1 - 0)*(q + -7). What is the greatest common factor of c and s?
5
Let w be (0 + -7)*30/(-7). Let d be (4 - -2) + 3 + 36. Calculate the highest common factor of w and d.
15
Let p(a) = 2*a**3 - 6*a**2 + 5*a + 4. Let v = -27 - -31. Let d be p(v). What is the highest common factor of d and 7?
7
Let j(u) = u - 3. Let a be j(9). Let p = 13 + -7. Calculate the greatest common factor of a and p.
6
Let c = -272 - -310. Calculate the highest common divisor of 1026 and c.
38
Suppose 163 + 217 = 4*w. Let j(h) = 3*h**2 + 16*h + 12. Let g be j(-10). Suppose g = 5*y - y. What is the greatest common divisor of y and w?
19
Let n(k) = 2*k - 7. Let v be n(6). Let o be (v/10)/((-1)/(-20)). Calculate the highest common divisor of o and 20.
10
Let o(i) = 2*i**3 + 20*i**2 + 12*i + 6. Let s be o(-9). What is the highest common divisor of 18 and s?
6
Let b = -12 - -18. Let t be (-6)/(-36)*6 - 5 - -28. What is the greatest common divisor of b and t?
6
Suppose -10 = -5*a, -2*i = -i - 4*a + 6. Suppose 3*x + 7 = i*t + 2*t, -5*x - 7 = -2*t. Let v be (1/x + -1)*-6. What is the greatest common factor of v and 132?
12
Suppose 2*d - 31 = 5*p, 0 = d - 2*p - 8 - 5. What is the greatest common factor of 6 and d?
3
Suppose 20*s + 5452 = 4*b + 24*s, 5*b + 4*s - 6816 = 0. What is the greatest common divisor of 132 and b?
44
Let r be 1580/6 + 2/3. Suppose -5*y - r = -y. Let b = y + 286. Calculate the greatest common factor of 20 and b.
20
Let s(c) = -c**2 - 12*c + 13. Let g be s(-12). Let y = 2 + g. Suppose 2*t + 3*n = y, 2*t = -n - 8 + 25. What is the highest common divisor of 18 and t?
9
Suppose 6*r + 780 = 10*r. Suppose 2*j + 2*j = -5*h + 156, 5*j - 3*h = r. Calculate the greatest common factor of j and 26.
13
Suppose 10*t = -t + 154. Calculate the greatest common divisor of t and 140.
14
Let g = 29 - 27. Suppose 5*q + 915 = 4*c, 8*c = 6*c + g*q + 456. What is the highest common factor of 90 and c?
45
Suppose -3*r = -4*y + 1634, 0 = 4*y + 2*r - 0*r - 1644. What is the highest common divisor of y and 10?
10
Let l(j) = -j**3 - 5*j**2 - 4*j + 581. Let a be l(0). Calculate the highest common divisor of a and 166.
83
Let a(s) = -s**3 + 15*s**2 + 2*s - 15. Let o(k) = k**3 - 10*k**2 + 13*k - 21. Let u be o(9). Let h be a(u). What is the highest common factor of h and 135?
15
Let x(m) = 22*m - 143. Let y be x(13). What is the highest common divisor of 299 and y?
13
Let t(g) = -7*g + 303. Let d be t(43). What is the greatest common divisor of 94 and d?
2
Let l be 48 - (0 + (2 - -1)). Let t = 4 - -14. Calculate the greatest common divisor of t and l.
9
Let b(s) = s**3 - 8*s**2 + 8*s - 7. Let n be b(7). Suppose -3*i + 6*i - 207 = n. Calculate the highest common factor of 23 and i.
23
Suppose -11*z + 10*z + 143 = 0. Let d be ((-9 - 2) + -2)*-1. Calculate the highest common divisor of d and z.
13
Let u(l) = -l**3 - 8*l**2 + 7*l - 8. Let x be u(-9). Let r be (-6)/(-4) + x/4. Let d be (r/4)/(2/30). Calculate the highest common factor of d and 60.
15
Suppose 86 = 3*a - f, a = 2*f + 25 + 12. Calculate the greatest common factor of a and 729.
27
Suppose -10*w = 2*w - 2280. Calculate the highest common divisor of 342 and w.
38
Let r = 573 - 551. What is the greatest common factor of r and 121?
11
Suppose 6*j + 50 = 4*f + j, -3*f + 34 = -2*j. Let r = 25 - 16. Suppose -3*n - 3*i + 189 = -r, -n + 5*i = -90. Calculate the highest common divisor of f and n.
10
Let a(v) = 4*v**2 - 6*v. Let t be a(-5). Let y = 182 - t. Calculate the highest common divisor of y and 13.
13
Suppose j = 21 - 1. Let k(i) = i**2 - 3*i + 4. Let s be k(3). Suppose s*n = q + 79, 43 = 2*n + 3*q - 0*q. What is the greatest common divisor of j and n?
20
Let u(g) = -g**3 + 28*g**2 - 25*g - 152. Let b be u(26). Calculate the highest common divisor of 22 and b.
22
Suppose 29 = 23*p + 6. Calculate the highest common divisor of 8 and p.
1
Let c(u) be the third derivative of -u**4/6 - 25*u**3/6 + u**2. Let o = -1068 + 1058. Let k be c(o). Calculate the highest common factor of k and 6.
3
Let m(k) = k**2 + 10*k + 4. Let o be m(-10). Let h be 16 + -4*(-3)/o. Calculate the greatest common factor of h and 95.
19
Let o(w) = -w**2 + 5*w + 1. Let g be o(5). Suppose -16 + 12 = -u. Let s be (u + (-2 - -1))*(3 - 0). What is the greatest common factor of s and g?
1
Suppose 4*k - 189 = 11. Suppose 5*i = -m - 16, -28 = 2*i - 6*m + m. Let j(o) = -o**2 - 9*o. Let h be j(i). What is the greatest common factor of k and h?
10
Let d(b) = -3*b + 11. Let g(t) = -t + 6. Let f(j) = -2*d(j) + 5*g(j). Let m be 3/(-6)*(-12 - 0). Let x be f(m). What is the greatest common factor of 98 and x?
14
Suppose -43 = 4*w + 125. Let h = 29 - w. Let b = h - -49. What is the highest common divisor of 30 and b?
30
Suppose 5*x + 2*c - 820 = 0, -4*x + 338 + 320 = 2*c. Let z be (-2)/(-5)*3*20. Let i = -6 + z. Calculate the highest common factor of x and i.
18
Let m = -10 - -24. Suppose -3*r = -i + 15, 8*i - 3*i - 21 = -3*r. Let l be (-21)/(-6)*(i + -4). Calculate the greatest common divisor of l and m.
7
Let k(w) = -w**2 - 12*w - 4. Let d be k(-4). What is the greatest common factor of 224 and d?
28
Suppose 2*t - 132 = -96. Let r(o) = 49*o**2 + 2. Let i be r(2). What is the greatest common factor of i and t?
18
Let q be (-56)/(-26) + (-26)/169. Suppose -s + g = -3*s + 4, q = s - 5*g. Calculate the greatest common factor of 10 and s.
2
Suppose -l = -3*l + 80. Let x be 60 - (2 + -2)/(-7). Calculate the highest common factor of l and x.
20
Suppose 1025*b - 490 = 1018*b. What is the greatest common divisor of 14 and b?
14
Let b = 30 + -24. Let c(i) = i**2 - 5*i + 1. Let z be c(7). Calculate the highest common factor of z and b.
3
Let t(o) = o**2 + 4*o + 5. Let c be t(-4). Suppose -3*w + c*h = -131 - 184, -3*h - 9 = 0. What is the greatest common factor of 25 and w?
25
Let l(p) = -9*p - 2*p**2 + 4*p + 2*p + 70 + 4*p. Let f be l(0). Calculate the highest common divisor of f and 14.
14
Let k = -110 + 155. Let v = k + -41. What is the greatest common factor of 36 and v?
4
Let v = 68 - -4. Let k(b) = -b**2 + 10*b - 2. Let a be k(9). Let z = 15 - a. Calculate the greatest common factor of z and v.
8
Let t(l) = -l + 128. Let q be t(0). Let a(r) = -13*r + 120. Let d be a(8). What is the highest common factor of d and q?
16
Suppose 0 = -3*k + 3*c + 219, c + 155 + 143 = 4*k. Let p(o) = o**2 + 12*o + 17. Let u be p(-13). What is the highest common divisor of u and k?
15
Let i = 134 + -92. What is the highest common factor of 168 and i?
42
Suppose -4*f + 111 + 18 = 5*q, 0 = 3*f + q - 105. What is the greatest common factor of 12 and f?
12
Let y(d) = 2*d - 10. Let m be y(7). Let o be (-2)/(-1)*38/m. Let k = 310 - 291. Calculate the highest common factor of k and o.
19
Let n = 101 - 68. Let m = -75 - -54. Let i be 3/(-3 + 6) - m. What is the greatest common factor of n and i?
11
Suppose 0 = -24*o - 6*o + 6960. Calculate the greatest co